{"id":17,"date":"2024-02-13T22:54:50","date_gmt":"2024-02-13T21:54:50","guid":{"rendered":"https:\/\/luft-inspektion.de\/client\/?page_id=17"},"modified":"2025-01-26T21:03:25","modified_gmt":"2025-01-26T20:03:25","slug":"17-2","status":"publish","type":"page","link":"https:\/\/c.luft-inspektion.de\/","title":{"rendered":""},"content":{"rendered":"\n<figure class=\"wp-block-image size-large\"><img loading=\"lazy\" decoding=\"async\" width=\"1024\" height=\"506\" src=\"https:\/\/c.luft-inspektion.de\/wp-content\/uploads\/2024\/05\/orthophoto-1024x506.png\" alt=\"\" class=\"wp-image-213\" srcset=\"https:\/\/c.luft-inspektion.de\/wp-content\/uploads\/2024\/05\/orthophoto-1024x506.png 1024w, https:\/\/c.luft-inspektion.de\/wp-content\/uploads\/2024\/05\/orthophoto-300x148.png 300w, https:\/\/c.luft-inspektion.de\/wp-content\/uploads\/2024\/05\/orthophoto-768x380.png 768w, https:\/\/c.luft-inspektion.de\/wp-content\/uploads\/2024\/05\/orthophoto-1536x759.png 1536w, https:\/\/c.luft-inspektion.de\/wp-content\/uploads\/2024\/05\/orthophoto.png 1576w\" sizes=\"auto, (max-width: 1024px) 100vw, 1024px\" \/><\/figure>\n\n\n\n<div style=\"height:10px\" aria-hidden=\"true\" class=\"wp-block-spacer\"><\/div>\n\n\n\n<div class=\"wp-block-media-text is-stacked-on-mobile is-style-default\" style=\"grid-template-columns:21% auto\"><figure class=\"wp-block-media-text__media\"><img loading=\"lazy\" decoding=\"async\" width=\"1024\" height=\"768\" src=\"https:\/\/c.luft-inspektion.de\/wp-content\/uploads\/2025\/01\/LIW_logo_new_vt25-1024x768.png\" alt=\"\" class=\"wp-image-3421 size-full\" srcset=\"https:\/\/c.luft-inspektion.de\/wp-content\/uploads\/2025\/01\/LIW_logo_new_vt25-1024x768.png 1024w, https:\/\/c.luft-inspektion.de\/wp-content\/uploads\/2025\/01\/LIW_logo_new_vt25-300x225.png 300w, https:\/\/c.luft-inspektion.de\/wp-content\/uploads\/2025\/01\/LIW_logo_new_vt25-768x576.png 768w, https:\/\/c.luft-inspektion.de\/wp-content\/uploads\/2025\/01\/LIW_logo_new_vt25-1536x1152.png 1536w, https:\/\/c.luft-inspektion.de\/wp-content\/uploads\/2025\/01\/LIW_logo_new_vt25-2048x1536.png 2048w, https:\/\/c.luft-inspektion.de\/wp-content\/uploads\/2025\/01\/LIW_logo_new_vt25-624x468.png 624w\" sizes=\"auto, (max-width: 1024px) 100vw, 1024px\" \/><\/figure><div class=\"wp-block-media-text__content\">\n<p class=\"has-small-font-size\">Die Daten Ihres Projekts k\u00f6nnen Sie ausschlie\u00dflich \u00fcber den pers\u00f6nlichen Zugangslink einsehen. Dieser wird Ihnen unmittelbar nach der Durchf\u00fchrung der Befliegung und der Datenbearbeitung per E-Mail zur Verf\u00fcgung gestellt.<br><em><strong>Hinweis:<\/strong> Die Projektdaten stehen Ihnen f\u00fcr 30 Tage im Kundenportal zur Verf\u00fcgung. Bitte laden Sie Ihre Daten innerhalb dieses Zeitraums herunter.<\/em><\/p>\n<\/div><\/div>\n\n\n\n<p><\/p>\n","protected":false},"excerpt":{"rendered":"<p>Die Daten Ihres Projekts k\u00f6nnen Sie ausschlie\u00dflich \u00fcber den pers\u00f6nlichen Zugangslink einsehen. Dieser wird Ihnen unmittelbar nach der Durchf\u00fchrung der Befliegung und der Datenbearbeitung per E-Mail zur Verf\u00fcgung gestellt.Hinweis: Die Projektdaten stehen Ihnen f\u00fcr 30 Tage im Kundenportal zur Verf\u00fcgung. Bitte laden Sie Ihre Daten innerhalb dieses Zeitraums herunter.<\/p>\n","protected":false},"author":1,"featured_media":0,"parent":0,"menu_order":0,"comment_status":"closed","ping_status":"closed","template":"","meta":{"footnotes":""},"class_list":["post-17","page","type-page","status-publish","hentry"],"_links":{"self":[{"href":"https:\/\/c.luft-inspektion.de\/index.php?rest_route=\/wp\/v2\/pages\/17","targetHints":{"allow":["GET"]}}],"collection":[{"href":"https:\/\/c.luft-inspektion.de\/index.php?rest_route=\/wp\/v2\/pages"}],"about":[{"href":"https:\/\/c.luft-inspektion.de\/index.php?rest_route=\/wp\/v2\/types\/page"}],"author":[{"embeddable":true,"href":"https:\/\/c.luft-inspektion.de\/index.php?rest_route=\/wp\/v2\/users\/1"}],"replies":[{"embeddable":true,"href":"https:\/\/c.luft-inspektion.de\/index.php?rest_route=%2Fwp%2Fv2%2Fcomments&post=17"}],"version-history":[{"count":49,"href":"https:\/\/c.luft-inspektion.de\/index.php?rest_route=\/wp\/v2\/pages\/17\/revisions"}],"predecessor-version":[{"id":3422,"href":"https:\/\/c.luft-inspektion.de\/index.php?rest_route=\/wp\/v2\/pages\/17\/revisions\/3422"}],"wp:attachment":[{"href":"https:\/\/c.luft-inspektion.de\/index.php?rest_route=%2Fwp%2Fv2%2Fmedia&parent=17"}],"curies":[{"name":"wp","href":"https:\/\/api.w.org\/{rel}","templated":true}]}}